{"id":5019,"date":"2026-04-27T18:26:28","date_gmt":"2026-04-27T15:26:28","guid":{"rendered":"https:\/\/www.doktorikool.ee\/?post_type=tribe_events&#038;p=5019"},"modified":"2026-04-28T09:44:14","modified_gmt":"2026-04-28T06:44:14","slug":"avalik-loeng-kliimamuutuste-leevendamise-vastuoluline-poliitika-euroopa-parlamendi-kogemused","status":"publish","type":"tribe_events","link":"https:\/\/www.doktorikool.ee\/en\/uritused\/avalik-loeng-kliimamuutuste-leevendamise-vastuoluline-poliitika-euroopa-parlamendi-kogemused\/","title":{"rendered":"Public lecture \u201cThe contentious politics of climate change mitigation: Evidence from the European Parliament\u201d"},"content":{"rendered":"<div  class=\"tribe-events-schedule tribe-clearfix\" >\n\t<p class=\"tribe-events-schedule__datetime\">\n\t\t<span class=\"tribe-events-schedule__date tribe-events-schedule__date--start\">\n\t\t\t13\/05\t\t<\/span>\n\n\t\t\t\t\t<span class=\"tribe-events-schedule__separator tribe-events-schedule__separator--date\">\n\t\t\t\t \t\t\t<\/span>\n\t\t\t<span class=\"tribe-events-schedule__time tribe-events-schedule__time--start\">\n\t\t\t\t10:15\t\t\t<\/span>\n\t\t\n\t\t\t\t\t\t\t\t\t<span class=\"tribe-events-schedule__separator tribe-events-schedule__separator--time\">\n\t\t\t\t\t &#8211; \t\t\t\t<\/span>\n\t\t\t\n\t\t\t\t\t\t\t<span class=\"tribe-events-schedule__time tribe-events-schedule__time--end\">\n\t\t\t\t\t11:45\t\t\t\t<\/span>\n\t\t\t\n\t\t\t\t\t\t<\/p>\n<\/div>\n\n\n\n<p>\ud83d\udccdTartu, Lossi 36-305<\/p>\n\n\n\n<p><em>The event will be held in English.<\/em><\/p>\n\n\n\n<p>Anyone interested is welcome to attend!<\/p>\n\n\n\n<p>Climate change mitigation policies impose concentrated and immediate costs in exchange for diffuse and future benefits, which may discourage elected representatives to promote them. The strong electoral performance of the populist radical right (PRR) and its politicization of environmental issues may reinforce this political challenge.<\/p>\n\n\n\n<p>Between 2019 and 2024, the European Commission has proposed several far-reaching mitigation measures linked to the European Green Deal. However, since the 2024 European election, many of the flagship policies have been weakened or delayed. This makes the European Parliament (EP) an excellent setting for examining the legislative politics of de-carbonization. It allows us to track how MEPs from a large variety of national political backgrounds vote on the same set of diverse proposals. Statistical analysis of these roll-call votes is complemented with qualitative evidence from interviews with MEPs and parliamentary assistants.<\/p>\n\n\n\n<p>For the 2019-2024 period, we find that, beyond national party ideology and European party group influences, stronger national-level competition from the PRR is moderately associated with reduced support for green policies. In the current EP, support of the roll-back is notably also driven by economically liberal and Euroskeptic views. In both periods, we find evidence for country-level influences that vary across votes.<\/p>\n\n\n\n<p>The talk is based on an on-going joint project with <strong>Mihail Chiru<\/strong> (University of Oxford).<\/p>\n\n\n\n<p>This lecture is moderated by <strong>Martin M\u00f6lder<\/strong> (Associate Professor of Political Science, Johan Skytte Institute of Political Studies)<\/p>\n\n\n\n<div class=\"wp-block-aab-accordion-block aab__accordion_container  accessibilityOn\" style=\"margin-top:0px;margin-bottom:15px;border:1px solid #bcb6b638\" id=\"aab_accordion_4edc203b_0\" role=\"button\" aria-expanded=\"false\" tabindex=\"0\"><div class=\"aab__accordion_head aab_right_icon\" style=\"background-color:#bcb6b638;border-top:none;border-right:none;border-bottom:none;border-left:none\"><div class=\"aab__accordion_heading aab_right_icon aab_right_link\"><div class=\"head_content_wrapper\"><div class=\"title_wrapper\"><h5 class=\"aab__accordion_title\" style=\"margin:0\">Lecturer<\/h5><\/div><\/div><\/div><div class=\"aab__accordion_icon\" style=\"border:0px solid transparent\"><span class=\"aab__icon dashicons dashicons-plus-alt2\" style=\"font-size:23px\"><\/span><\/div><\/div><div class=\"aab__accordion_body\" role=\"region\" style=\"display:none;border-top:1px solid #bcb6b638;border-right:none;border-bottom:none;border-left:none\"><div class=\"aab__accordion_component\">\n<p>The public lecture will be delivered by <strong>Thomas D\u00e4ubler<\/strong>, Lecturer\/Assistant Professor, University College Dublin (Ireland).<\/p>\n\n\n\n<p>Dr. Thomas D\u00e4ubler teaches comparative politics and research methods in the School of Politics and International Relations at University College Dublin. His research mainly covers electoral systems, parliamentary behaviour and political parties. He is currently working on several projects that examine the links between the Green Transition and political representation.<\/p>\n<\/div><\/div><\/div>\n\n\n\n<p>In case of questions, please contact Kristel Vits (<a href=\"mailto:kristel.vits@ut.ee\"><span style=\"text-decoration: underline;\">kristel.vits@ut.ee<\/span><\/a>).<\/p>\n\n\n\n<p>Estonian Doctoral School for Social Sciences.<\/p>","protected":false},"excerpt":{"rendered":"<p>\ud83d\udccdTartu, Lossi 36-305 \u00dcritus toimub inglise keeles. Osalema on oodatud k\u00f5ik huvilised k\u00f5ikidest valdkondadest! Kliimamuutuste leevendamise poliitikad n\u00e4evad ette kontsentreeritud, vahetute kulude kandmist hajusa, tulevikus avalduva kasu eest, mis v\u00f5ib [&hellip;]<\/p>\n","protected":false},"author":4,"featured_media":0,"template":"","meta":{"inline_featured_image":false,"_EventAllDay":false,"_EventTimezone":"Europe\/Tallinn","_EventStartDate":"2026-05-13 10:15:00","_EventEndDate":"2026-05-13 11:45:00","_EventStartDateUTC":"2026-05-13 07:15:00","_EventEndDateUTC":"2026-05-13 08:45:00","_EventShowMap":false,"_EventShowMapLink":false,"_EventURL":"","_EventCost":"","_EventCostDescription":"","_EventCurrencySymbol":"$","_EventCurrencyCode":"USD","_EventCurrencyPosition":"prefix","_EventDateTimeSeparator":" ","_EventTimeRangeSeparator":" - ","_EventOrganizerID":[],"_EventVenueID":[],"_OrganizerEmail":"","_OrganizerPhone":"","_OrganizerWebsite":"","_VenueAddress":"","_VenueCity":"","_VenueCountry":"","_VenueProvince":"","_VenueState":"","_VenueZip":"","_VenuePhone":"","_VenueURL":"","_VenueStateProvince":"","_VenueLat":"","_VenueLng":"","_VenueShowMap":false,"_VenueShowMapLink":false,"_tribe_events_status":"","_tribe_events_status_reason":"","footnotes":""},"tags":[24],"tribe_events_cat":[],"class_list":["post-5019","tribe_events","type-tribe_events","status-publish","hentry","tag-sotsiaalteadused"],"_links":{"self":[{"href":"https:\/\/www.doktorikool.ee\/en\/wp-json\/wp\/v2\/tribe_events\/5019","targetHints":{"allow":["GET"]}}],"collection":[{"href":"https:\/\/www.doktorikool.ee\/en\/wp-json\/wp\/v2\/tribe_events"}],"about":[{"href":"https:\/\/www.doktorikool.ee\/en\/wp-json\/wp\/v2\/types\/tribe_events"}],"author":[{"embeddable":true,"href":"https:\/\/www.doktorikool.ee\/en\/wp-json\/wp\/v2\/users\/4"}],"version-history":[{"count":9,"href":"https:\/\/www.doktorikool.ee\/en\/wp-json\/wp\/v2\/tribe_events\/5019\/revisions"}],"predecessor-version":[{"id":5032,"href":"https:\/\/www.doktorikool.ee\/en\/wp-json\/wp\/v2\/tribe_events\/5019\/revisions\/5032"}],"wp:attachment":[{"href":"https:\/\/www.doktorikool.ee\/en\/wp-json\/wp\/v2\/media?parent=5019"}],"wp:term":[{"taxonomy":"post_tag","embeddable":true,"href":"https:\/\/www.doktorikool.ee\/en\/wp-json\/wp\/v2\/tags?post=5019"},{"taxonomy":"tribe_events_cat","embeddable":true,"href":"https:\/\/www.doktorikool.ee\/en\/wp-json\/wp\/v2\/tribe_events_cat?post=5019"}],"curies":[{"name":"wp","href":"https:\/\/api.w.org\/{rel}","templated":true}]}}

<div  class="tribe-events-schedule tribe-clearfix" >
	<p class="tribe-events-schedule__datetime">
		<span class="tribe-events-schedule__date tribe-events-schedule__date--start">
			13/05		</span>

					<span class="tribe-events-schedule__separator tribe-events-schedule__separator--date">
				 			</span>
			<span class="tribe-events-schedule__time tribe-events-schedule__time--start">
				10:15			</span>
		
									<span class="tribe-events-schedule__separator tribe-events-schedule__separator--time">
					 &#8211; 				</span>
			
							<span class="tribe-events-schedule__time tribe-events-schedule__time--end">
					11:45				</span>
			
						</p>
</div>



<p>📍Tartu, Lossi 36-305</p>



<p><em>The event will be held in English.</em></p>



<p>Anyone interested is welcome to attend!</p>



<p>Climate change mitigation policies impose concentrated and immediate costs in exchange for diffuse and future benefits, which may discourage elected representatives to promote them. The strong electoral performance of the populist radical right (PRR) and its politicization of environmental issues may reinforce this political challenge.</p>



<p>Between 2019 and 2024, the European Commission has proposed several far-reaching mitigation measures linked to the European Green Deal. However, since the 2024 European election, many of the flagship policies have been weakened or delayed. This makes the European Parliament (EP) an excellent setting for examining the legislative politics of de-carbonization. It allows us to track how MEPs from a large variety of national political backgrounds vote on the same set of diverse proposals. Statistical analysis of these roll-call votes is complemented with qualitative evidence from interviews with MEPs and parliamentary assistants.</p>



<p>For the 2019-2024 period, we find that, beyond national party ideology and European party group influences, stronger national-level competition from the PRR is moderately associated with reduced support for green policies. In the current EP, support of the roll-back is notably also driven by economically liberal and Euroskeptic views. In both periods, we find evidence for country-level influences that vary across votes.</p>



<p>The talk is based on an on-going joint project with <strong>Mihail Chiru</strong> (University of Oxford).</p>



<p>This lecture is moderated by <strong>Martin Mölder</strong> (Associate Professor of Political Science, Johan Skytte Institute of Political Studies)</p>



<div class="wp-block-aab-accordion-block aab__accordion_container  accessibilityOn" style="margin-top:0px;margin-bottom:15px;border:1px solid #bcb6b638" id="aab_accordion_4edc203b_0" role="button" aria-expanded="false" tabindex="0"><div class="aab__accordion_head aab_right_icon" style="background-color:#bcb6b638;border-top:none;border-right:none;border-bottom:none;border-left:none"><div class="aab__accordion_heading aab_right_icon aab_right_link"><div class="head_content_wrapper"><div class="title_wrapper"><h5 class="aab__accordion_title" style="margin:0">Lecturer</h5></div></div></div><div class="aab__accordion_icon" style="border:0px solid transparent"><span class="aab__icon dashicons dashicons-plus-alt2" style="font-size:23px"></span></div></div><div class="aab__accordion_body" role="region" style="display:none;border-top:1px solid #bcb6b638;border-right:none;border-bottom:none;border-left:none"><div class="aab__accordion_component">
<p>The public lecture will be delivered by <strong>Thomas Däubler</strong>, Lecturer/Assistant Professor, University College Dublin (Ireland).</p>



<p>Dr. Thomas Däubler teaches comparative politics and research methods in the School of Politics and International Relations at University College Dublin. His research mainly covers electoral systems, parliamentary behaviour and political parties. He is currently working on several projects that examine the links between the Green Transition and political representation.</p>
</div></div></div>



<p>In case of questions, please contact Kristel Vits (<a href="mailto:kristel.vits@ut.ee"><span style="text-decoration: underline;">kristel.vits@ut.ee</span></a>).</p>



<p>Estonian Doctoral School for Social Sciences.</p>

<p>📍Tartu, Lossi 36-305 Üritus toimub inglise keeles. Osalema on oodatud kõik huvilised kõikidest valdkondadest! Kliimamuutuste leevendamise poliitikad näevad ette kontsentreeritud, vahetute kulude kandmist hajusa, tulevikus avalduva kasu eest, mis võib [&hellip;]</p>
